 is 11 + -3300001010?
-3300000333
In base 11, what is -25 - -13a415?
13a3a0
In base 7, what is 105005 - 10622?
64053
In base 10, what is 603 - 791?
-188
In base 9, what is 280625187 - 1?
280625186
In base 2, what is 1010110010110100100 - 101001001?
1010110010001011011
In base 4, what is -12 + -2132201203220?
-2132201203232
In base 9, what is 3141025031 - 3?
3141025027
In base 3, what is -120 + 2201212020221112?
2201212020220222
In base 14, what is -153b02 + -12c?
-153c30
In base 12, what is -1104ab5 - a?
-1104b03
In base 5, what is -40022 - 10204112?
-10244134
In base 12, what is -6b591350 + -3?
-6b591353
In base 15, what is -665 + -16ea?
-1d60
In base 5, what is 4413013111 - 10?
4413013101
In base 5, what is -1104022 - 120?
-1104142
In base 3, what is 1001 + 1000210010222?
1000210012000
In base 11, what is -3 - 1a909588?
-1a909590
In base 11, what is -6 - 420838?
-420843
In base 3, what is -20211121202000 + -2002?
-20211121211002
In base 13, what is 3 + 1995857?
199585a
In base 14, what is -108 + 4262d9?
4261d1
In base 9, what is -1830 + 16824?
14884
In base 6, what is -40043 - 35001?
-115044
In base 4, what is 201023020121 - 20?
201023020101
In base 15, what is 1d9cbbc - -2?
1d9cbbe
In base 5, what is 30 + 1244002244?
1244002324
In base 3, what is -10021 + -1211010211010?
-1211010221101
In base 11, what is 1 + -251741?
-251740
In base 7, what is -336526 + 2000?
-334526
In base 8, what is 2 + -6024511?
-6024507
In base 10, what is -62841 + -137?
-62978
In base 3, what is 220100 + 1012001222?
1012222022
In base 15, what is -201 - 106cd?
-108ce
In base 15, what is 8259e + -23?
8257b
In base 11, what is -54 + 258a986?
258a932
In base 8, what is -711100056 + -2?
-711100060
In base 14, what is 23c + -a1bb?
-9d7d
In base 9, what is -1205 + -86?
-1302
In base 6, what is -40 - -44530555?
44530515
In base 13, what is bb + 325a7a?
325b68
In base 5, what is -441 + -14033104?
-14034100
In base 6, what is 231301 + -202452?
24405
In base 5, what is -103 + -31304300?
-31304403
In base 2, what is 1000010100 - 1010000000100101101?
-1001111111100011001
In base 14, what is -10ab - -6bb?
-7d0
In base 3, what is -10021010 - 10112110?
-20210120
In base 6, what is -304405 - -201213?
-103152
In base 11, what is a28 - -3575?
44a2
In base 12, what is -1777492 + 7?
-1777487
In base 5, what is 222 - 204101412?
-204101140
In base 3, what is 120 - -2212220220121?
2212220221011
In base 15, what is -670 + 60d?
-62
In base 2, what is -10011110 + -100000000011100010?
-100000000110000000
In base 15, what is 5e3 + -302d8?
-2ebe5
In base 13, what is 115953692 + -5?
11595368a
In base 5, what is -1004004010 + -3?
-1004004013
In base 2, what is -1111011010111001111 + -11101?
-1111011010111101100
In base 7, what is 45624 - 4135?
41456
In base 2, what is 1000110011010 + -11110100011?
100111110111
In base 12, what is -29a2 + -4087?
-6a69
In base 16, what is -12d6 - 1320?
-25f6
In base 10, what is -47429165 + -17?
-47429182
In base 14, what is 236 - -18a37?
18c6d
In base 16, what is -3ec946 - -1c?
-3ec92a
In base 16, what is 3 - 69f73d?
-69f73a
In base 2, what is -11111011 - 10000011100111110101?
-10000011101011110000
In base 5, what is -114412 + 4231?
-110131
In base 3, what is 20200220 - -1222211211?
2020112201
In base 9, what is -2761343 - 31?
-2761374
In base 4, what is 2213 + -101211033?
-101202220
In base 2, what is 100001000 + -11011110100111111?
-11011110000110111
In base 11, what is 19 - a9571?
-a9553
In base 15, what is eb5 - -14b3?
2478
In base 7, what is 3 - -1554554601?
1554554604
In base 16, what is 938b6 - -e3?
93999
In base 15, what is -2c8 - 2a19?
-2ce2
In base 10, what is -84014 + -2955?
-86969
In base 4, what is 2210312 + 22332?
2233310
In base 7, what is -1115305206 - 4?
-1115305213
In base 2, what is 101111110000101100001011 - 10100?
101111110000101011110111
In base 8, what is -56540616 + 5?
-56540611
In base 5, what is -2041 + 33402200?
33400104
In base 14, what is -455cbad + 5?
-455cba8
In base 2, what is 11100110 + -10011000100100111010?
-10011000100001010100
In base 4, what is -1133101032 - -2112?
-1133032320
In base 14, what is -96037 + -34?
-9606b
In base 3, what is -2101100210120 + 1?
-2101100210112
In base 8, what is 2 - 61774067?
-61774065
In base 13, what is 61226 + -4?
61222
In base 2, what is -1110010 - 11100001010101?
-11100011000111
In base 15, what is -532bae - -1?
-532bad
In base 2, what is -100000000101000000001010 - -1100?
-100000000100111111111110
In base 11, what is -103aa - -1565?
-9945
In base 8, what is -1101127326 + -3?
-1101127331
In base 9, what is -443737475 - 0?
-443737475
In base 14, what is 62ab - -33a9?
9676
In base 3, what is 2122220220020121 - 1?
2122220220020120
In base 3, what is 11221010 + 111201112212?
111220110222
In base 2, what is -1000110100000 + -10001011011110111?
-10010100010010111
In base 12, what is 4497a44 - -42?
4497a86
In base 12, what is 1233203 + 0?
1233203
In base 4, what is -310233 + -2310312?
-3221211
In base 13, what is 3 + -345c35?
-345c32
In base 12, what is -30633 + 41?
-305b2
In base 14, what is -2 + -48b467?
-48b469
In base 2, what is -111 + -101101101010100010011?
-101101101010100011010
In base 8, what is -66763 - 1722?
-70705
In base 13, what is -17132 - -42?
-170c0
In base 13, what is -1821 - 164a?
-316b
In base 13, what is 4a89b9 + 16?
4a8a02
In base 12, what is -237652b + -3?
-2376532
In base 4, what is -2 + -2103322032333?
-2103322033001
In base 13, what is 3 - -1312197?
131219a
In base 13, what is 757232 + -92?
757170
In base 12, what is 436603b0 + 3?
436603b3
In base 12, what is -9 - 5021bb9?
-5022006
In base 14, what is 33d - 3468?
-3129
In base 14, what is 237a758 - -1?
237a759
In base 13, what is -3 + 367bcc?
367bc9
In base 4, what is 1111220 - 302202?
203012
In base 4, what is -230012303 + -23220?
-230102123
In base 2, what is -100001001 - -101100000010010110111?
101100000001110101110
In base 12, what is 365a1011 + 2?
365a1013
In base 14, what is -79c11a8 + -9?
-79c11b3
In base 7, what is -42234 + -1353?
-43620
In base 8, what is -61704 - 57?
-61763
In base 11, what is -5 - 1407521?
-1407526
In base 5, what is 20131101 - -4140?
20140241
In base 4, what is -120220211231200 - 11?
-120220211231211
In base 10, what is -2 + 32827051?
32827049
In base 2, what is -1001111101111000100 - 0?
-1001111101111000100
In base 15, what is 5 - 2e5de30?
-2e5de2a
In base 16, what is -14d90 - -2eb?
-14aa5
In base 7, what is -650233 + 22?
-650211
In base 14, what is -c8ca - 553?
-d03d
In base 13, what is 4 - b4801?
-b47ca
In base 4, what is 10331110102 + 1?
10331110103
In base 14, what is 2732 - d016?
-a6c4
In base 16, what is -4c - -7ef52?
7ef06
In base 5, what is -4 - 4224102?
-4224111
In base 13, what is 662 - 1c9bb2?
-1c9550
In base 6, what is -2235235 + 321?
-2234514
In base 2, what is -10111100001110111110010 + 10001?
-10111100001110111100001
In base 13, what is -490 - -174991?
174501
In base 11, what is 4 + 79832340?
79832344
In base 12, what is -2 + -109124a?
-1091250
In base 3, what is -10021120 - -1111002002002?
1110221210112
In base 12, what is -a - -6267?
6259
In base 2, what is 1101110111111000 - -111111?
1101111000110111
In base 13, what is -2713 - 7b7?
-31ca
In base 14, what is -219 - 4b42?
-4d5b
In base 9, what is -6650 - -5274?
-1365
In base 9, what is 7125484 + 24?
7125518
In base 16, what is -61 + -12b9ea0?
-12b9f01
In base 2, what is 1 + -1000111000000001001011100?
-1000111000000001001011011
In base 14, what is a + 3c4285?
3c4291
In base 5, what is 3024 - 23333342?
-23330313
In base 15, what is 2 - -109d2b?
109d2d
In base 14, what is 0 - -43d3cb?
43d3cb
In base 10, what is 37 + -209971?
-209934
In base 7, what is -245 + 3341614?
3341336
In base 4, what is 20121012121313 - 3?
20121012121310
In base 11, what is a0643 - 1171?
9a482
In base 11, what is a4a6797 + -30?
a4a6767
In base 2, what is 1001101 + -1100101111000100?
-1100101101110111
In base 6, what is 0 + -41204135?
-41204135
In base 15, what is 1d5cd844 - -4?
1d5cd848
In base 9, what is 10617 - -1042?
11660
In base 3, what is -110222221100000 + -12?
-110222221100012
In base 15, what is -6 - 50689?
-50690
In base 10, what is 36501413 - -5?
36501418
In base 11, what is -5 - 899716?
-899720
In base 12, what is -4092 + -1b77?
-6049
In base 5